{"id":64,"date":"2023-02-03T10:39:41","date_gmt":"2023-02-03T09:39:41","guid":{"rendered":"https:\/\/lipro-cpse.fr\/?page_id=64"},"modified":"2023-02-03T10:39:41","modified_gmt":"2023-02-03T09:39:41","slug":"exemples-de-projet-dentreprise","status":"publish","type":"page","link":"https:\/\/lipro-cpse.fr\/index.php\/exemples-de-projet-dentreprise\/","title":{"rendered":"Exemples de projet d&rsquo;entreprise"},"content":{"rendered":"\n<figure class=\"wp-block-table\"><table><tbody><tr><td>Qualification de proc\u00e9d\u00e9s<\/td><td>&#8211; Qualification du proc\u00e9d\u00e9 d\u2019enrobage<br>&#8211; Qualification d\u2019un moyen de contr\u00f4le AOI<br>&#8211; Qualification du proc\u00e9d\u00e9 de vernissage<br>&#8211; Qualification de cr\u00e8me \u00e0 braser<br>&#8211; Qualification du brasage manuel<br>&#8211; Qualification et optimisation du proc\u00e9d\u00e9 de refusion<br>&#8211; Qualification d\u2019un profil RoHs<br>&#8211; Qualification d\u2019un four \u00e0 refusion &nbsp;<\/td><\/tr><tr><td>Optimisation\/contr\u00f4le de proc\u00e9d\u00e9s<\/td><td>&#8211; Optimisation du proc\u00e9d\u00e9 de vague s\u00e9lective<br>&#8211; R\u00e9duction du co\u00fbt de la non qualit\u00e9 en production<br>&#8211; Mise en place d\u2019un plan de surveillance pour un \u00e9quipement de brasage local utilis\u00e9 en r\u00e9paration de cartes \u00e9lectroniques<br>&#8211; Etude d\u2019une proc\u00e9dure de refusion, de retouche et adaptation d\u2019outillage pour une carte SMI<br>&#8211; Optimisation du proc\u00e9d\u00e9 de refusion (s\u00e9rigraphie et four)<br>&#8211; Optimisation de la machine de pick-and-place<br>&#8211; Etude et am\u00e9lioration du vernissage<br>&#8211; Am\u00e9lioration des performances du proc\u00e9d\u00e9 de report CMS<br>&#8211; Am\u00e9lioration du proc\u00e9d\u00e9 sp\u00e9cial de Sertissage \u00e0 l\u2019aide d\u2019une m\u00e9thodologie 5S<br>&#8211; Optimisation du proc\u00e9d\u00e9 de brasage de composants traversants<br>&#8211; Mise en ligne d\u2019une AOI et pistes d\u2019am\u00e9lioration &nbsp;<\/td><\/tr><tr><td>D\u00e9veloppement de nouveaux proc\u00e9d\u00e9s<\/td><td>&#8211; D\u00e9veloppement du proc\u00e9d\u00e9 de brasage par jet printing<br>&#8211; Proc\u00e9d\u00e9 de r\u00e9paration des CMS \u00e0 air chaud<br>&#8211; Impl\u00e9mentation et d\u00e9veloppement autour de l\u2019outil d\u2019inspection SPI<br>&#8211; Implantation d\u2019un robot de brasage automatique<br>&#8211; Impl\u00e9mentation d\u2019un outil de sertissage industriel pour les modules CMI<br>&#8211; Mise en place d\u2019une machine d\u2019inspection visuelle automatique &nbsp;<\/td><\/tr><tr><td>Industrialisation de cartes \u00e9lectroniques<\/td><td>&#8211; Industrialisation d\u2019une carte \u00e9lectronique&nbsp;: conception et r\u00e9alisation d\u2019un prototype<br>&#8211; Elaboration d\u2019un protocole\/d\u2019une m\u00e9thode d\u2019\u00e9laboration des prototypes<br>&#8211; Innovation de la documentation technique<br>&#8211; Optimisation de la conception d\u2019une carte \u00e9lectronique ax\u00e9e prototype<br>&#8211; Am\u00e9lioration des m\u00e9thodes d\u2019industrialisation &nbsp;<\/td><\/tr><tr><td>Tests de cartes \u00e9lectroniques<\/td><td>&#8211; R\u00e9agencement d\u2019une baie de test<br>&#8211; D\u00e9ploiement d\u2019un testeur Takaya<br>&#8211; D\u00e9veloppement d\u2019un banc de test<br>&#8211; Suivi de la fabrication et des tests des v\u00e9hicules de test &nbsp;<\/td><\/tr><tr><td>Routage<\/td><td>&#8211; R\u00e8gles de routage &nbsp;<br>&#8211; Formalisation des protocoles de routage<\/td><\/tr><tr><td>Divers<\/td><td>&#8211; Etude du ph\u00e9nom\u00e8ne de CAF (Conductive Anodic Filament)<br>&#8211; Am\u00e9lioration du laboratoire de r\u00e9paration &nbsp;<\/td><\/tr><\/tbody><\/table><\/figure>\n\n\n\n<p>\ufeff<\/p>\n","protected":false},"excerpt":{"rendered":"<p>Qualification de proc\u00e9d\u00e9s &#8211; Qualification du proc\u00e9d\u00e9 d\u2019enrobage&#8211; Qualification d\u2019un moyen de contr\u00f4le AOI&#8211; Qualification du proc\u00e9d\u00e9 de vernissage&#8211; Qualification de cr\u00e8me \u00e0 braser&#8211; Qualification du brasage manuel&#8211; Qualification et optimisation du proc\u00e9d\u00e9 de refusion&#8211; Qualification d\u2019un profil RoHs&#8211; Qualification d\u2019un four \u00e0 refusion &nbsp; Optimisation\/contr\u00f4le de proc\u00e9d\u00e9s &#8211; Optimisation du proc\u00e9d\u00e9 de vague s\u00e9lective&#8211; [&hellip;]<\/p>\n","protected":false},"author":1,"featured_media":0,"parent":0,"menu_order":0,"comment_status":"closed","ping_status":"closed","template":"","meta":{"footnotes":""},"class_list":["post-64","page","type-page","status-publish","hentry"],"_links":{"self":[{"href":"https:\/\/lipro-cpse.fr\/index.php\/wp-json\/wp\/v2\/pages\/64","targetHints":{"allow":["GET"]}}],"collection":[{"href":"https:\/\/lipro-cpse.fr\/index.php\/wp-json\/wp\/v2\/pages"}],"about":[{"href":"https:\/\/lipro-cpse.fr\/index.php\/wp-json\/wp\/v2\/types\/page"}],"author":[{"embeddable":true,"href":"https:\/\/lipro-cpse.fr\/index.php\/wp-json\/wp\/v2\/users\/1"}],"replies":[{"embeddable":true,"href":"https:\/\/lipro-cpse.fr\/index.php\/wp-json\/wp\/v2\/comments?post=64"}],"version-history":[{"count":1,"href":"https:\/\/lipro-cpse.fr\/index.php\/wp-json\/wp\/v2\/pages\/64\/revisions"}],"predecessor-version":[{"id":65,"href":"https:\/\/lipro-cpse.fr\/index.php\/wp-json\/wp\/v2\/pages\/64\/revisions\/65"}],"wp:attachment":[{"href":"https:\/\/lipro-cpse.fr\/index.php\/wp-json\/wp\/v2\/media?parent=64"}],"curies":[{"name":"wp","href":"https:\/\/api.w.org\/{rel}","templated":true}]}}