{"id":104,"date":"2023-02-03T16:09:32","date_gmt":"2023-02-03T15:09:32","guid":{"rendered":"https:\/\/lipro-cpse.fr\/?page_id=104"},"modified":"2023-02-03T16:09:32","modified_gmt":"2023-02-03T15:09:32","slug":"remuneration-budget-pour-lentreprise","status":"publish","type":"page","link":"https:\/\/lipro-cpse.fr\/index.php\/remuneration-budget-pour-lentreprise\/","title":{"rendered":"R\u00e9mun\u00e9ration \/ Budget pour l&rsquo;entreprise"},"content":{"rendered":"\n<p><\/p>\n\n\n\n<h2 class=\"wp-block-heading\">R\u00e9mun\u00e9ration<\/h2>\n\n\n\n<p><span><u style=\"font-weight: bold;\">Sauf disposition conventionnelle ou contractuelle plus favorable<\/u><\/span>, l\u2019apprenti per\u00e7oit une <strong>r\u00e9mun\u00e9ration fix\u00e9e en pourcentage du SMIC<\/strong> ou, \u00e0 partir de 21 ans, du salaire conventionnel.<\/p>\n\n\n\n<p>Le d\u00e9cret n\u00b0 2020-373 du&nbsp;30 mars 2020&nbsp;pr\u00e9cise que les apprentis pr\u00e9parant <strong>une licence professionnelle<\/strong> percevront une <strong>r\u00e9mun\u00e9ration au moins \u00e9gale<\/strong> \u00e0 la r\u00e9mun\u00e9ration aff\u00e9rente \u00e0 <strong>une deuxi\u00e8me ann\u00e9e d\u2019ex\u00e9cution de contrat.<\/strong><\/p>\n\n\n\n<p><em>Nouvel <\/em><a href=\"https:\/\/www.legifrance.gouv.fr\/affichCodeArticle.do;jsessionid=EAA9F846550C262840CB0B5879817D40.tplgfr21s_3?idArticle=LEGIARTI000041770366&amp;cidTexte=LEGITEXT000006072050&amp;dateTexte=20200403&amp;categorieLien=id&amp;oldAction=&amp;nbResultRech=\"><em>article D6222-32 du Code du travail<\/em><\/a><em><\/em><\/p>\n\n\n\n<p><a href=\"https:\/\/www.legifrance.gouv.fr\/eli\/decret\/2020\/3\/30\/MTRD1932993D\/jo\/texte\"><em>D\u00e9cret n\u00b0 2020-373 du 30 mars 2020 (JO du 31.3.20)<\/em><\/a><em>, art. 1<\/em><\/p>\n\n\n\n<p>La r\u00e9mun\u00e9ration mensuelle minimale vers\u00e9e \u00e0 l&rsquo;apprenti(e) sera soit de 51% du SMIC pour les moins de 21 ans et de 61% du minimum conventionnel de l&#8217;emploi occup\u00e9 ou du SMIC pour la tranche d\u2019\u00e2ge 21 \u00e0 25 ans.<\/p>\n\n\n\n<h2 class=\"wp-block-heading\">Budget pour l&rsquo;entreprise<\/h2>\n\n\n\n<p>Le hors quota peut \u00eatre toujours vers\u00e9 \u00e0 l\u2019universit\u00e9. ( voir notre site\u00a0 <a href=\"https:\/\/www.univ-tlse3.fr\/entreprise\">https:\/\/www.univ-tlse3.fr\/entreprise<\/a> ).<strong><br><br><\/strong>Depuis le 1 er janvier 2020 , le syst\u00e8me de financement de l\u2019apprentissage a chang\u00e9 . Les entreprises versent une contribution unique de formation professionnelle et apprentissage aux OPCO et \u00e0 partir de 2022 \u00e0 l\u2019URSSAF. Cette derni\u00e8re comprend une partie de la taxe d\u2019apprentissage (anciennement appel\u00e9 quota). Elle permet de financer partiellement ou en totalit\u00e9 les frais de formation d\u2019un contrat d\u2019apprentissage.<\/p>\n\n\n\n<p>Instauration d\u2019un nouveau m\u00e9canisme de financement, <strong><u>\u00ab&nbsp;le co\u00fbt-contrat&nbsp;\u00bb<\/u><\/strong>: pour chaque apprenti form\u00e9 les CFA recevront un financement, appel\u00e9 Niveau de prise en charge (NPEC).<\/p>\n\n\n\n<p>Le versement sera effectu\u00e9 par <strong>les OPCO<\/strong>.<\/p>\n\n\n\n<p>En fonction des frais de formation , il se peut que l\u2019entreprise ait un reste \u00e0 charge .<\/p>\n\n\n\n<p><a href=\"https:\/\/www.alternance.emploi.gouv.fr\/portail_alternance\/\">Simulation du un cout salarial d\u2019un apprenti<\/a>.<\/p>\n","protected":false},"excerpt":{"rendered":"<p>R\u00e9mun\u00e9ration Sauf disposition conventionnelle ou contractuelle plus favorable, l\u2019apprenti per\u00e7oit une r\u00e9mun\u00e9ration fix\u00e9e en pourcentage du SMIC ou, \u00e0 partir de 21 ans, du salaire conventionnel. Le d\u00e9cret n\u00b0 2020-373 du&nbsp;30 mars 2020&nbsp;pr\u00e9cise que les apprentis pr\u00e9parant une licence professionnelle percevront une r\u00e9mun\u00e9ration au moins \u00e9gale \u00e0 la r\u00e9mun\u00e9ration aff\u00e9rente \u00e0 une deuxi\u00e8me ann\u00e9e d\u2019ex\u00e9cution [&hellip;]<\/p>\n","protected":false},"author":1,"featured_media":0,"parent":0,"menu_order":0,"comment_status":"closed","ping_status":"closed","template":"","meta":{"footnotes":""},"class_list":["post-104","page","type-page","status-publish","hentry"],"_links":{"self":[{"href":"https:\/\/lipro-cpse.fr\/index.php\/wp-json\/wp\/v2\/pages\/104","targetHints":{"allow":["GET"]}}],"collection":[{"href":"https:\/\/lipro-cpse.fr\/index.php\/wp-json\/wp\/v2\/pages"}],"about":[{"href":"https:\/\/lipro-cpse.fr\/index.php\/wp-json\/wp\/v2\/types\/page"}],"author":[{"embeddable":true,"href":"https:\/\/lipro-cpse.fr\/index.php\/wp-json\/wp\/v2\/users\/1"}],"replies":[{"embeddable":true,"href":"https:\/\/lipro-cpse.fr\/index.php\/wp-json\/wp\/v2\/comments?post=104"}],"version-history":[{"count":1,"href":"https:\/\/lipro-cpse.fr\/index.php\/wp-json\/wp\/v2\/pages\/104\/revisions"}],"predecessor-version":[{"id":105,"href":"https:\/\/lipro-cpse.fr\/index.php\/wp-json\/wp\/v2\/pages\/104\/revisions\/105"}],"wp:attachment":[{"href":"https:\/\/lipro-cpse.fr\/index.php\/wp-json\/wp\/v2\/media?parent=104"}],"curies":[{"name":"wp","href":"https:\/\/api.w.org\/{rel}","templated":true}]}}

Rémunération / Budget pour l&rsquo;entreprise

<p></p>



<h2 class="wp-block-heading">Rémunération</h2>



<p><span><u style="font-weight: bold;">Sauf disposition conventionnelle ou contractuelle plus favorable</u></span>, l’apprenti perçoit une <strong>rémunération fixée en pourcentage du SMIC</strong> ou, à partir de 21 ans, du salaire conventionnel.</p>



<p>Le décret n° 2020-373 du&nbsp;30 mars 2020&nbsp;précise que les apprentis préparant <strong>une licence professionnelle</strong> percevront une <strong>rémunération au moins égale</strong> à la rémunération afférente à <strong>une deuxième année d’exécution de contrat.</strong></p>



<p><em>Nouvel </em><a href="https://www.legifrance.gouv.fr/affichCodeArticle.do;jsessionid=EAA9F846550C262840CB0B5879817D40.tplgfr21s_3?idArticle=LEGIARTI000041770366&amp;cidTexte=LEGITEXT000006072050&amp;dateTexte=20200403&amp;categorieLien=id&amp;oldAction=&amp;nbResultRech="><em>article D6222-32 du Code du travail</em></a><em></em></p>



<p><a href="https://www.legifrance.gouv.fr/eli/decret/2020/3/30/MTRD1932993D/jo/texte"><em>Décret n° 2020-373 du 30 mars 2020 (JO du 31.3.20)</em></a><em>, art. 1</em></p>



<p>La rémunération mensuelle minimale versée à l&rsquo;apprenti(e) sera soit de 51% du SMIC pour les moins de 21 ans et de 61% du minimum conventionnel de l&#8217;emploi occupé ou du SMIC pour la tranche d’âge 21 à 25 ans.</p>



<h2 class="wp-block-heading">Budget pour l&rsquo;entreprise</h2>



<p>Le hors quota peut être toujours versé à l’université. ( voir notre site  <a href="https://www.univ-tlse3.fr/entreprise">https://www.univ-tlse3.fr/entreprise</a> ).<strong><br><br></strong>Depuis le 1 er janvier 2020 , le système de financement de l’apprentissage a changé . Les entreprises versent une contribution unique de formation professionnelle et apprentissage aux OPCO et à partir de 2022 à l’URSSAF. Cette dernière comprend une partie de la taxe d’apprentissage (anciennement appelé quota). Elle permet de financer partiellement ou en totalité les frais de formation d’un contrat d’apprentissage.</p>



<p>Instauration d’un nouveau mécanisme de financement, <strong><u>«&nbsp;le coût-contrat&nbsp;»</u></strong>: pour chaque apprenti formé les CFA recevront un financement, appelé Niveau de prise en charge (NPEC).</p>



<p>Le versement sera effectué par <strong>les OPCO</strong>.</p>



<p>En fonction des frais de formation , il se peut que l’entreprise ait un reste à charge .</p>



<p><a href="https://www.alternance.emploi.gouv.fr/portail_alternance/">Simulation du un cout salarial d’un apprenti</a>.</p>

<p>Rémunération Sauf disposition conventionnelle ou contractuelle plus favorable, l’apprenti perçoit une rémunération fixée en pourcentage du SMIC ou, à partir de 21 ans, du salaire conventionnel. Le décret n° 2020-373 du&nbsp;30 mars 2020&nbsp;précise que les apprentis préparant une licence professionnelle percevront une rémunération au moins égale à la rémunération afférente à une deuxième année d’exécution [&hellip;]</p>
